m + 39 = 5*h, 5*m + 42 = 3*h. Calculate the remainder when 32 is divided by h.
5
Suppose -19 = -4*o + 5. Let g be (-4)/(-2)*o/4. Suppose -5*n + 78 = -g*a, 7*n + 5*a = 3*n + 55. What is the remainder when n is divided by 8?
7
Suppose 4*w + s - 35 = w, 0 = 3*w + 4*s - 23. Let k = 19 - w. What is the remainder when 14 is divided by k/(-10) - 43/(-5)?
6
Suppose s - 16 = -2*b, 3*b - 3*s - 15 = -0. Suppose 5*q + 2 = -4*d + 31, 3*q - 3*d - 39 = 0. What is the remainder when b is divided by q*-1*(-2)/6?
1
Let q = -65 + 104. Calculate the remainder when q is divided by 20.
19
Suppose 130 = 8*v - 3*v. What is the remainder when v is divided by 10?
6
Let q(p) = -2*p - 2. Suppose -w = 4*y - 29, -w - 4*w = y + 7. Let a = 9 - y. Calculate the remainder when q(-2) is divided by a.
0
Suppose -4*x + 263 = -c - 166, -5*x + 5*c + 525 = 0. Suppose 2*o + o = x. Suppose 55*f - 26 = 53*f. Calculate the remainder when o is divided by f.
10
Suppose 4*m = 5 + 3. What is the remainder when 7 is divided by m?
1
Suppose 4*b = -14*b + 324. What is the remainder when b is divided by 4/(-6)*(-42)/4?
4
Let b = 33 - 22. Suppose 0 = -5*t - 2*g + 29, -31 = -4*t - 0*t + g. Calculate the remainder when b is divided by t.
4
Let s(c) = 6*c + 1. Calculate the remainder when 122 is divided by s(5).
29
Suppose u = -3*b + 49, 5*u - 182 = 2*u - 2*b. Suppose -w + 3*w = -4*s + 12, 4*w - u = 2*s. What is the remainder when w is divided by -1*-5*2 - 2?
6
Let s = 2 - -2. Suppose -2*i - 23 = 5*w, 2*i - 7*i - 15 = s*w. Suppose -4*b + 39 = t, t + 2*b - i = 30. Calculate the remainder when t is divided by 8.
7
Let s = -5 - -7. Suppose 2 = s*x + 4*h, -h - 2*h + 34 = -5*x. Let l = 3 - x. Calculate the remainder when l is divided by 3.
2
Let g = 3 + 1. Let z = 8 - g. Suppose z*q - 21 - 39 = 0. What is the remainder when q is divided by 8?
7
Let s(m) = m + 33. Calculate the remainder when 36 is divided by s(-13).
16
Suppose 2*s = -3*o - 0*s + 89, s - 146 = -5*o. Calculate the remainder when o is divided by 8.
5
Let d = -12 + 28. Calculate the remainder when 47 is divided by d.
15
Suppose -2*t + 42 = -5*q, 11*q = 6*q + 10. Let a be 2 + 1*-2 - 0. Suppose -c + a*d - d + 11 = 0, -5*c = d - 47. Calculate the remainder when t is divided by c.
8
Suppose 0 = 5*o + 65 + 25. What is the remainder when 9 is divided by (60/o)/(6/(-9))?
4
Let r(b) = b**2 - 12*b + 34. Calculate the remainder when r(17) is divided by 41.
37
Let w = 17 - 2. Let g = -23 + 79. Let d = 98 - g. What is the remainder when d is divided by w?
12
Let d = -122 + 141. Calculate the remainder when 50 is divided by d.
12
Suppose 5*l - 5*w = -w + 77, -3*w = 3*l - 57. Suppose 0 = -2*c + 51 - l. What is the remainder when c is divided by -7 + 3 + 3 - -7?
5
Let h(u) = u**3 - 7*u**2 + 7*u - 5. Suppose -26 = -2*n - n - 2*z, -4*n + 5*z + 4 = 0. What is the remainder when 2 is divided by h(n)?
0
Suppose 0*p + u = 2*p - 37, -3*p - 5*u + 62 = 0. What is the remainder when 73 is divided by p?
16
Suppose 28 = 3*u - 2*d, -2*u - d = -0*d - 7. Calculate the remainder when 22 is divided by u.
4
Suppose -5*y - l = -192, 3*l + 36 = y + 2*l. Calculate the remainder when y is divided by 13.
12
Let y(o) be the third derivative of -o**4/24 + o**3/6 + 3*o**2. Calculate the remainder when 10 is divided by y(-3).
2
Let y = -78 - -95. Suppose -4*o + 185 - 53 = 0. What is the remainder when o is divided by y?
16
Let u(f) = f**3 + 10*f**2 - f - 6. Let b be u(-10). Suppose b*c - 11 = 73. Calculate the remainder when c is divided by 8.
5
Let v = 70 + -55. Calculate the remainder when v is divided by 3.
0
What is the remainder when 39 is divided by 310/40 - 2/(-8)?
7
Suppose -3*c + 1237 - 493 = 0. Suppose -6*m + 2*m = -c. Let g = m + -30. Calculate the remainder when g is divided by 11.
10
Let s(f) be the second derivative of -f**5/20 - f**4/3 - f**3/2 - 5*f**2/2 - f. What is the remainder when (-8)/56 - (-92)/7 is divided by s(-4)?
6
Suppose w + 4*q = 0, 0 = w - 2*q - 2*q - 40. Let u(d) = 14*d. Let o be u(2). Calculate the remainder when w is divided by 3/2*o/6.
6
Suppose 3*n = -5*r + 38, 0 = -r + n - 0*n + 14. Let o be ((-28)/(-1))/((-1)/(-2)). Suppose -o = -y - y. What is the remainder when y is divided by r?
8
Let n = 19 - 14. What is the remainder when 24 is divided by n?
4
Suppose 7 - 1 = 3*z. Suppose 0 = -z*s + 3*s - 5. Suppose 5*j - 15 = 0, -s*h - 2*j = -2*h - 39. Calculate the remainder when h is divided by 6.
5
Suppose 5*j = -95 - 90. Let p = 77 + -24. Let r = p + j. What is the remainder when 46 is divided by r?
14
Let n = -13 + 26. Calculate the remainder when 50 is divided by n.
11
Suppose -85 = -5*m + 3*y, -3*m + 2*m + 9 = y. Calculate the remainder when 4/m + 458/14 is divided by 17.
16
Let i(x) = 4*x**3 - 7*x**2 - 3*x - 2. Let m(a) = 7*a**3 - 13*a**2 - 7*a - 3. Let g(d) = 5*i(d) - 3*m(d). Calculate the remainder when 7 is divided by g(5).
3
Suppose 2*j - 3*j = 5. What is the remainder when 65 is divided by 2/j + (-1232)/(-55)?
21
Let l(v) be the first derivative of -v**4/4 - v**3/3 - 2*v**2 - v - 8. What is the remainder when l(-3) is divided by 8?
5
Let o = 120 - 106. Calculate the remainder when 95 is divided by o.
11
Suppose 19 = g + 7. Let r = g - 3. Let o(s) = -14*s - 2. What is the remainder when o(-2) is divided by r?
8
Suppose -4*q = 13*q - 1870. Calculate the remainder when q is divided by 37.
36
Suppose -3*y + 80 = 2*y. Let n(f) = f**2 + 8*f - 11. Calculate the remainder when y is divided by n(-10).
7
Let j be ((2 - -3) + -4)*40. Suppose w = -w + j. What is the remainder when 79 is divided by w?
19
Let d(y) = y**3 - 4*y**2 + 2. Let o be d(4). Let w be 5*(o - 3) + 2. What is the remainder when 19 is divided by (-3)/(w/8) - -2?
9
Suppose 0 = -3*a + 3*o + 78, 3*o + 55 = 2*a - 0*o. Calculate the remainder when 66 is divided by a.
20
Let h = 36 + -58. Calculate the remainder when 30 is divided by (-356)/h - (-6)/(-33).
14
Let g(c) = -c**3 + 6*c**2 - 2*c + 10. What is the remainder when 44 is divided by g(5)?
19
Let w(v) = v**3 - v**2 - 4*v. What is the remainder when w(4) is divided by 17?
15
Suppose m = c + 65, -2*m + 7*c - 2*c = -145. What is the remainder when m is divided by 13?
8
Let p(z) = z**2 + 4*z + 6. Let s be p(-4). Suppose s = 2*r - 0*r. Suppose 0 = -k - r, -3*y + 5*y + k - 83 = 0. What is the remainder when y is divided by 15?
13
Let b be 0/2 + 5*3. Calculate the remainder when 29 is divided by b + 0/(0 + -1).
14
Let f be 6/((21/(-18))/(-7)). Suppose -49 - f = -5*q + 4*k, -5*q + 3*k = -90. What is the remainder when q is divided by 33*(-1)/(-6)*2?
10
Suppose -5*k + 5*r - 136 + 56 = 0, 2*k + 2*r + 32 = 0. What is the remainder when (k/8)/((-2)/49) is divided by 13?
10
Let h = -31 + 45. What is the remainder when 23 is divided by h?
9
Suppose 2*j - j + 13 = 5*w, 4*w - 14 = 2*j. Let z = 4 + w. Calculate the remainder when 11 is divided by z.
5
Let i be 3/((-3)/(-8)*1). Suppose -c = -3*v + 15, -1 = -3*c + i. Let g(f) = f**3 + 6*f**2 + 3*f - 3. What is the remainder when g(-3) is divided by v?
3
Let j(i) = i**2 - 5*i - 5. Suppose -21 = -3*d - 0. Calculate the remainder when j(8) is divided by d.
5
Let m be ((-1)/(-3))/(4/12). Suppose -1 = s + m, -5*d + 5 = 5*s. Let g = d + 5. What is the remainder when g is divided by 3?
2
Suppose 3*d - 4*o = 10, 6*d - d = -3*o - 22. Let r(g) = -19*g - 3. What is the remainder when r(d) is divided by 12?
11
Suppose 6 = -3*p + p. Let o = p + 4. Calculate the remainder when 18 + 1/(o/2) is divided by 11.
9
Let d be (-3)/(-3)*-1 + 4. Let s(q) = 0 - d*q + 12*q - 2. What is the remainder when s(6) is divided by 18?
16
Suppose 0*w + 444 = 5*k - 2*w, 5*w - 342 = -4*k. Suppose 0 = -5*c + 2*l + k, 41 = 3*c + 3*l + 5. What is the remainder when c is divided by 6?
4
Suppose 2*m - 19 - 129 = 0. Calculate the remainder when (m/(-3))/(12/(-18)) is divided by 20.
17
Let k(b) = b + 4*b + 6 + 0*b - 5*b**2 - b**3. Let d be (-7)/(14/(-12))*-1. Calculate the remainder when 45 is divided by k(d).
9
Let b be (-10)/(-4)*(-2 + 4). What is the remainder when ((-7)/b)/(2/(-10)) is divided by 3?
1
Calculate the remainder when (24/18)/(4/162) is divided by 16 + (-6)/(3 - 0).
12
Suppose 0 = 4*j + j + 25, 0 = d + 5*j + 3. Let q = d - -31. What is the remainder when q is divided by 27?
26
What is the remainder when 76/2 - 20/(5/1) is divi